*s + 4 = 0, -s + f*s = -4*l + 12. Calculate the remainder when i(-11) is divided by l.
3
Suppose 4*b - 43 = 25. Let q = -8987 - -9033. Calculate the remainder when q is divided by b.
12
Calculate the remainder when (3 - 84/36)/(4/3354) is divided by 21.
13
Suppose -5*u + 10 = 25. Calculate the remainder when 40 + (2 - (-2)/2) is divided by 2/4*u*22/(-3).
10
Calculate the remainder when 447*-2*(544/102 - 6) is divided by 6.
2
Let s(m) = -m**3 - 8*m**2 - 8*m + 15. What is the remainder when 953 is divided by s(-8)?
5
Suppose -191*i = -213*i + 1760. Let x = 10 + -20. Calculate the remainder when i is divided by ((-15)/x)/((-1)/(-18)).
26
Suppose -2*q + 26 = 2*q + 5*y, 3*q + 3*y = 18. Let f be (q/10 - 289/10)*-2. Suppose 111 = 7*o - f. What is the remainder when 44 is divided by o?
20
Let x be 5*(-7)/7 + 76. Suppose 4*k - 4*v - x - 9 = 0, -2*v = -3*k + 64. Calculate the remainder when 53 is divided by k.
5
Suppose 3*i + 2*h - 313 = -2*h, -5*i = 4*h - 519. Suppose t + 11*t = 420. What is the remainder when i is divided by t?
33
Suppose 0 = -2*u + 4*u - 2*m - 232, 3*m + 584 = 5*u. Let k = 455 + -524. Let q = k + u. Calculate the remainder when q is divided by 25.
24
Suppose -3*j - h + 78 = -j, -6 = 3*h. Suppose -j*p + 1620 = -4*p. What is the remainder when p is divided by 0/(1/1) + 12?
9
Let n = 100 - 95. Suppose 5*k = -n*k + 750. Suppose 3*p = -9*z + 7*z + 73, 0 = -3*p - 3*z + k. What is the remainder when 85 is divided by p?
16
Let d(h) = 29*h + 33*h**2 - 52 + 111 + h**3 - 48. Calculate the remainder when d(-32) is divided by 22.
19
Suppose -50*j + 3875 + 3405 = -1570. What is the remainder when 535 is divided by j?
4
Let y be (-2 - (-5 - -2))*141. Let d = y - 107. Calculate the remainder when 133 is divided by d.
31
Let w(u) = 3*u**3 - 14*u**2 + 6*u - 78. What is the remainder when 536 is divided by w(6)?
26
Let y(v) = -v**3 - 6*v**2 + 17*v + 56. Let w be y(-6). Let q = 105 + w. What is the remainder when q is divided by 31?
28
Suppose -99*t + 97*t = 54. Suppose -3*z - 14 = -2*n - 0*z, z = -4*n. Let l = n - t. Calculate the remainder when l is divided by 11.
6
Let x = -14648 - -14759. What is the remainder when x is divided by 70?
41
Suppose 52*g + 377 = 53*g. Suppose -3*f + 232 = -g. What is the remainder when f is divided by 42?
35
Let t(z) = 7*z - 436. Calculate the remainder when -1 + 2/(6/465) is divided by t(64).
10
Let a(l) = -l**2 - 9*l - 7. Let b be a(-7). Suppose 53 = b*n - 59. Calculate the remainder when n is divided by 6.
4
What is the remainder when (-2)/1 - (-108)/9*(-61)/(-3) is divided by 35?
32
Suppose 3*a - 5*k = 2, -3*k = a - 2*k + 2. What is the remainder when (-63)/(-1) - (-2 - (a + 1)) is divided by 22?
21
Calculate the remainder when 1 + -4 + (34 - -220) is divided by 229.
22
Let q(j) = -j**3 + 15*j**2 - 10*j - 18. Let a be (-392)/(-32) + (-3)/(-4) + 1. What is the remainder when 74 is divided by q(a)?
36
Suppose 0 = 3*h - 8*h + 1535. Suppose 0 = -3*t - 5*q + 7439 + 393, 0 = 3*t - 4*q - 7796. Calculate the remainder when h is divided by (4 - t/(-45)) + 26/195.
59
Suppose 24*r = 29*r - 15, 0 = -2*w + r + 1953. What is the remainder when 3930 is divided by w?
18
Suppose 19*u + 17*u = 31680. Let i = u - 859. What is the remainder when 125 is divided by i?
20
Suppose 0 = -1494*x + 1497*x - 18, -5*k - 2*x = -27827. Calculate the remainder when k is divided by 159.
157
Suppose -u = -o - o + 216, -430 = -4*o + 3*u. Suppose -10*n - o = -2319. Suppose 0*v + n = 13*v. Calculate the remainder when v is divided by 10.
7
Let v = 31 - 19. Let k = 10 + -3. Let r = v + k. What is the remainder when 94 is divided by r?
18
Let f be 2/6 + (-2098)/(-6). Suppose r - 6*r = f. Let h = r + 147. Calculate the remainder when h is divided by 26.
25
Suppose 184*n + 1172 = 186*n. What is the remainder when n is divided by 43?
27
Suppose -5*z + 68 = -12. Let d be (-68)/238 + 4/14. Suppose -5*i + 5*y + 475 = 0, -3*i + 2*y + 283 = -d*i. What is the remainder when i is divided by z?
13
Let h(t) = t + 15. Suppose -134*a - 36 = -130*a. Calculate the remainder when (-153)/(-15) + (-1)/5 is divided by h(a).
4
Suppose -79*h + 78*h = 5*r - 122, 0 = -3*r - 4*h + 97. Calculate the remainder when 289 is divided by r.
13
What is the remainder when 1013 is divided by (-1738)/(-11) + (-24)/(-2)?
163
Suppose 3*w - 261 + 624 = 3*n, 0 = 3*n - 2*w - 364. Calculate the remainder when 731 is divided by n.
121
Let x = 555 + -177. Let d = -374 + x. Calculate the remainder when 215 is divided by d.
3
Suppose 3*w - 17*y - 292 = -15*y, -3*w + 278 = 5*y. What is the remainder when w is divided by 22?
8
Suppose -6*l + 1887 + 3609 = 0. What is the remainder when l is divided by 46?
42
Let k be (-2)/(-6)*159 + -4. Suppose k + 26 = 5*d + 5*l, -5*d - 4*l + 70 = 0. What is the remainder when 31 is divided by d?
1
What is the remainder when 651 is divided by (-910)/(-195)*(-810)/(-35)?
3
Let z(o) = 395*o + 318. What is the remainder when z(3) is divided by 32?
31
Suppose 89*l + 2751 = -59*l + 12667. Calculate the remainder when 132 is divided by l.
65
Suppose 0 = 96*z - 93*z - w - 571, -2*w = -3*z + 572. What is the remainder when 431 is divided by z?
51
Let l = 17007 + -16484. What is the remainder when l is divided by 33?
28
Suppose 63*j - 65*j = -46. Suppose 0 = -16*l + 11*l + 3*b + 270, 219 = 4*l - 3*b. What is the remainder when l is divided by j?
5
Let y = 3297 - 3259. Calculate the remainder when y is divided by 15.
8
Suppose -17*m = 43 - 9. Calculate the remainder when 143 + (m - -1 - (6 + -9)) is divided by 1*35 - (-9 + 7).
34
Suppose 0 = 2*r - 10, -2*o - 615 = -7*o + 2*r. Suppose -7*c = 17 - 59. What is the remainder when o is divided by 4*(1 - (-1 - c))?
29
Suppose -j - g = -4*j - 3, 0 = 5*j + g + 13. Let v(a) = -161*a + 5. What is the remainder when v(j) is divided by 41?
40
Let l be (-4)/(-10) - 178/(-5). Calculate the remainder when 20 is divided by (-36)/10*(-60)/l.
2
Suppose 6*j - 3*r = 9*j - 66, -2*j + 19 = -3*r. Let p = -33 + 44. Suppose j*s - 66 = p*s. What is the remainder when s is divided by 9?
2
Let o = 91 - 61. Let g(y) = -7*y**3 + 1077*y**2 + 170*y - 2257. Calculate the remainder when g(154) is divided by o.
27
Suppose 6*d = -5*d + 166 - 122. What is the remainder when 5 - 3 - 66/(-2) is divided by d?
3
Let v(z) = -5*z - 6 - 3*z + 26*z. What is the remainder when v(5) is divided by (12/21)/((915/2013)/(70/4))?
18
Let k = -24 + 26. Let u be (24/(-12))/(k/3). Calculate the remainder when (-568)/(-10) - u/15 is divided by 30.
27
Let b(r) = -2*r**3 - r**2. Let w be b(-1). Let u(k) = 2*k**2 + 1. Let m be u(w). Suppose 4 = m*p - 5. What is the remainder when p is divided by 1?
0
Calculate the remainder when (5 + -398)*53*1*(-26)/39 is divided by 30.
26
Let t(p) = 3*p**2 - 74*p + 233. Calculate the remainder when 927 is divided by t(21).
1
Let s = -12778 - -13022. Calculate the remainder when 718 is divided by s.
230
Let x(d) = -75*d + 3644. Calculate the remainder when x(46) is divided by 13.
12
Let p = 1057 - 579. Let v(z) = 3*z**2 - z + 6. What is the remainder when p is divided by v(3)?
28
Suppose 138*f - 409703 = -152057. Calculate the remainder when f is divided by 5.
2
Suppose n + 264 = 5*h, 20*h + 104 = 22*h - 2*n. Calculate the remainder when 915 is divided by h.
14
Let n(t) = -t - 39. Let a(r) = 38. Let z(l) = 5*a(l) + 4*n(l). Calculate the remainder when 9 is divided by z(8).
1
Let i = -5550 - -6121. What is the remainder when i is divided by 74?
53
Let a be 4/18 + 538/9. Let x(s) = -s**3 - 2*s**2 + 10*s + 3. Let q be x(-5). Let o = q + a. Calculate the remainder when o is divided by 23.
19
What is the remainder when (2 + (-3 - 4))*1 + 615 is divided by 594?
16
Suppose 8*p + 21 + 15 = 12*p. Calculate the remainder when 1518 is divided by p.
6
Suppose 0 = -25*p + 1077 - 77. Let u = -1 - -10. Let s(x) = 10*x - 13. Calculate the remainder when s(u) is divided by p.
37
Suppose 0 = 9*a - 10*a + 8. Suppose 3*i - 56 - 38 = -2*x, 3*i - 86 = 2*x. Suppose -i = -0*n - n. What is the remainder when n is divided by a?
6
Let p = -169 - -486. Let c = p - 300. Calculate the remainder when ((0 - 1) + 0)*-46 is divided by c.
12
Suppose 0 = -4*d + 5*s + 1035, 524*d = 528*d + 4*s - 1044. Calculate the remainder when 780 is divided by d.
0
Suppose 33*c + 3*b - 415 = 34*c,